{"id":5559,"date":"2020-09-30T14:20:45","date_gmt":"2020-09-30T14:20:45","guid":{"rendered":"https:\/\/rna.ao\/rna.ao\/?page_id=5559"},"modified":"2023-04-20T12:10:12","modified_gmt":"2023-04-20T11:10:12","slug":"produtos","status":"publish","type":"page","link":"https:\/\/rna.ao\/rna.ao\/produtos\/","title":{"rendered":"Produtos"},"content":{"rendered":"<p><strong><u>MODELO DE NEG\u00d3CIO<\/u><\/strong><\/p>\n<p><strong>Informa\u00e7\u00e3o Comercial<\/strong><\/p>\n<p>Alicer\u00e7ado essencialmente na assinatura o modelo de neg\u00f3cio da RNA-EP agrega \u00a0como principais produtos e servi\u00e7os, a venda de espa\u00e7os comerciais, \u00a0o aluguer de espa\u00e7os f\u00edsicos e a contrata\u00e7\u00e3o de Bandas Musicais.<\/p>\n<p>Com 5 Canais nacionais, dos quais 3 generalistas e 2 de especialidade (Desporto e M\u00fasica), 18 R\u00e1dios Provinciais, 2 Regionais e 26 R\u00e1dios Municipais detendo como parceiros as principais Agenciais de Publicidade.<\/p>\n<p>A Direc\u00e7\u00e3o Comercial e Marketing da RNA-EP \u00e9 a gestora dos espa\u00e7os publicit\u00e1rios disp\u00f5e de uma equipa de profissionais com capacidade de ajuizar a necessidade de cada cliente e estruturar solu\u00e7\u00f5es para rentabilizar os investimentos dos anunciantes.<\/p>\n<p>&nbsp;<\/p>\n<p><strong>Produtos RNA-E.P.<\/strong><\/p>\n<ul>\n<li><strong>Publicit\u00e1rios<\/strong><\/li>\n<\/ul>\n<ol>\n<li>Breaks Comerciais (spots)<\/li>\n<li>Breaks Intitucionais (spots)<\/li>\n<li>Patroc\u00ednios aos Programas;<\/li>\n<li>Publireportagens;<\/li>\n<li>Cita\u00e7\u00f5es;<\/li>\n<li>Entrevistas;<\/li>\n<li>Tempo de Antena;<\/li>\n<li>Programas no Exterior;<\/li>\n<li>Programas no Est\u00fadio;<\/li>\n<li>Passatempos;<\/li>\n<li>Product Placement (R\u00e1dio Novelas e Magazines);<\/li>\n<li>Sinais Hor\u00e1rios;<\/li>\n<li>Separatas\/P\u00edlulas;<\/li>\n<li><\/li>\n<\/ol>\n<p><strong>\u00a0<\/strong><\/p>\n<ul>\n<li><strong>Pacotes Culturais <\/strong><\/li>\n<\/ul>\n<ol>\n<li>Shows\/M\u00fasica;<\/li>\n<li>Teatro;<\/li>\n<li>Cinema;<\/li>\n<li>Festas\/Outros Produtos Culturais;<\/li>\n<li>Hot\u00e9is;<\/li>\n<li><\/li>\n<\/ol>\n<p><strong>\u00a0<\/strong><\/p>\n<ul>\n<li><strong>Outros Pacotes <\/strong><\/li>\n<\/ul>\n<ol>\n<li>Universidades;<\/li>\n<li>Escolas;<\/li>\n<li>Associa\u00e7\u00f5es Profissionais;<\/li>\n<li>ONGs;<\/li>\n<li>Institui\u00e7\u00f5es Colectivas N\u00e3o Comerciais<\/li>\n<\/ol>\n<p><strong>\u00a0<\/strong><\/p>\n<ul>\n<li><strong>An\u00fancios <\/strong><\/li>\n<\/ul>\n<ol>\n<li>Anivers\u00e1rios;<\/li>\n<li>Dicas;<\/li>\n<li>Discos Pedidos;<\/li>\n<li>Falecimentos;<\/li>\n<li>Desaparecimentos;<\/li>\n<li>Entidades Colectivas.<\/li>\n<\/ol>\n<p><strong>\u00a0<\/strong><\/p>\n","protected":false},"excerpt":{"rendered":"<p>MODELO DE NEG\u00d3CIO Informa\u00e7\u00e3o Comercial Alicer\u00e7ado essencialmente na assinatura o modelo de neg\u00f3cio da RNA-EP agrega \u00a0como principais produtos e servi\u00e7os, a venda de espa\u00e7os comerciais, \u00a0o aluguer de espa\u00e7os f\u00edsicos e a contrata\u00e7\u00e3o de Bandas Musicais. Com 5 Canais nacionais, dos quais 3 generalistas e 2 de especialidade (Desporto ...<\/p>\n","protected":false},"author":1,"featured_media":100395,"parent":0,"menu_order":0,"comment_status":"closed","ping_status":"closed","template":"","meta":[],"_links":{"self":[{"href":"https:\/\/rna.ao\/rna.ao\/wp-json\/wp\/v2\/pages\/5559"}],"collection":[{"href":"https:\/\/rna.ao\/rna.ao\/wp-json\/wp\/v2\/pages"}],"about":[{"href":"https:\/\/rna.ao\/rna.ao\/wp-json\/wp\/v2\/types\/page"}],"author":[{"embeddable":true,"href":"https:\/\/rna.ao\/rna.ao\/wp-json\/wp\/v2\/users\/1"}],"replies":[{"embeddable":true,"href":"https:\/\/rna.ao\/rna.ao\/wp-json\/wp\/v2\/comments?post=5559"}],"version-history":[{"count":3,"href":"https:\/\/rna.ao\/rna.ao\/wp-json\/wp\/v2\/pages\/5559\/revisions"}],"predecessor-version":[{"id":5586,"href":"https:\/\/rna.ao\/rna.ao\/wp-json\/wp\/v2\/pages\/5559\/revisions\/5586"}],"wp:featuredmedia":[{"embeddable":true,"href":"https:\/\/rna.ao\/rna.ao\/wp-json\/wp\/v2\/media\/100395"}],"wp:attachment":[{"href":"https:\/\/rna.ao\/rna.ao\/wp-json\/wp\/v2\/media?parent=5559"}],"curies":[{"name":"wp","href":"https:\/\/api.w.org\/{rel}","templated":true}]}}